f 1/3*m**3 - 3/2*m**4 - m + 3 - 1/2*m**2. Determine q(k).
7
Let r(f) = 3*f + 2. Let d be r(2). Suppose 5*l - 16 + 6 = 0. Let x(n) = -1 + 0*n + d + n + l*n. Calculate x(-6).
-11
Let v(w) be the third derivative of -w**5/60 + w**4/3 - w**3 + 125*w**2. What is v(7)?
1
Suppose -3*w + 2*s = 17, -5*w - 28 = -6*s + 3*s. Suppose 0*j - 3 = -j. Let h(b) = -j - 11*b + 7*b - 3 + 3*b. What is h(w)?
-1
Let j(g) be the third derivative of 1/3*g**3 + 0*g + 0 + 11*g**2 - 1/20*g**5 - 1/12*g**4 + 1/120*g**6. Suppose 2 - 5 = -m. Determine j(m).
-4
Let m be 6/4*(3 + (-39)/(-1)). Suppose 0 = 7*p + 21 - m. Let s(h) be the second derivative of h**3/6 - h**2/2 + h. What is s(p)?
5
Let m(h) be the third derivative of -h**4/24 + 7*h**3/6 - 12*h**2. Determine m(7).
0
Let l(p) = -10 + 89*p - 3*p**2 - 44*p - 53*p + 2*p**2. Determine l(-9).
-19
Suppose 0*t = -o - 2*t + 12, 4*o + 4*t - 32 = 0. Let r(m) = m**2 + 0 + 6*m + o + 0 + 0. Calculate r(-6).
4
Let u = 36 - 32. Let a(l) = -u*l - 2 + 4*l + 6*l - 4*l. Calculate a(4).
6
Let p(t) = 5*t**2 + 2*t**2 - 1 - 8*t**2 - 4*t - 5. Calculate p(-5).
-11
Let l(z) = 3*z + 9. Let m(n) = -2*n - 4. Let a(b) = 3*l(b) + 5*m(b). Suppose 6*c - 8 = 5*c. Determine a(c).
-1
Let f(o) = -232*o + 40*o**2 + 240*o - 2 - 39*o**2. Let u(w) = w - 1. Let r be u(-6). What is f(r)?
-9
Let l(y) = -2*y**3 + 5*y - 1. Let s be l(-2). Let v(o) = o**2 + 5*o + 1. Let j(d) = -d**2 - 2*d. Let c(q) = s*j(q) + 2*v(q). What is c(2)?
-10
Let z be (-1 - -2)/((-7)/(-357)). Suppose 3*g - 39 = 2*b - 5, -z = 3*b - g. Let q = b - -14. Let s(p) = -p**2 - 3*p + 4. Calculate s(q).
4
Let z be (-9)/2*(-4)/6. Let w(a) = z + a + a - 3*a + 4. What is w(0)?
7
Let q(v) = 217*v - 113*v + 2 - 115*v. Determine q(-1).
13
Suppose -5*s + 0*s = 5. Let l(v) be the first derivative of 7*v**3/3 + v**2 + v - 736. Give l(s).
6
Let g(k) = 43*k - 18*k**2 - 22*k - 1 - 22*k + 3*k**2. What is g(-1)?
-15
Let i(n) = -n**2 - 3*n + 4. Suppose -14*v = -12*v - 58. Suppose -5*q + 22 = 2*f - v, -f = -5*q + 12. Let g = f - 16. Calculate i(g).
4
Let m be (-3)/8*-2*-8. Let w(p) = p**2 + 6*p + 2. Let k be w(m). Let f(i) = 18 + 24 + 7*i + 17 - i - 62 - i**2. What is f(k)?
5
Let r(f) = f + 11. Let u be (3 - -37)/(16/8). Let a be (-46)/10 - (8/u)/1. Give r(a).
6
Let o be 231/847 - 126/(-22). Let k(h) = 4*h + 3. Let c(v) = -5*v - 3. Let r(f) = -2*c(f) - 3*k(f). Calculate r(o).
-15
Let l(z) = z**3 - 4*z**2 + 4*z. Let h be (-2 + (-27)/(-6))*(-8)/5. Let a be 26/7 - h*(-5)/(-70). Give l(a).
16
Let n(g) = -g**3 - 11*g**2 - 6*g + 14. Let d(v) = v**3 + 11*v**2 + 5*v - 13. Let z(t) = 2*d(t) + 3*n(t). Determine z(-10).
-4
Let b = 29 + -172. Let y = -147 - b. Let g(w) be the second derivative of w**5/20 + 5*w**4/12 + w**3/2 + w**2 + w. Determine g(y).
6
Let k(n) be the third derivative of -17*n**2 - 1/6*n**4 + 0*n + 5/6*n**3 + 0. Let w be -3*(-2 + (-2)/(-6)). Calculate k(w).
-15
Let p(o) = -o**2 + 11*o + 6. Let s = 111 - 101. What is p(s)?
16
Let t(b) = -326*b - 3. Let u be t(-2). Let c(s) = 649 + s**2 - u + s. Give c(-2).
2
Let m be 2/(-6) + (-51)/9. Let n = m - -2. Let x(g) be the third derivative of g**5/60 + 5*g**4/24 + 5*g**3/6 + 2*g**2 - 18*g. Calculate x(n).
1
Suppose 14*s + 4*i = 9*s + 24, 2*s = -8*i + 16. Let m(r) be the first derivative of -8*r + 0*r**3 - 3 + 1/2*r**2 - 1/4*r**s. Determine m(0).
-8
Let z be (1 - 0)/(6/12). Let l(y) = 2*y**3 - 11*y**3 + 61*y**z - y - 60*y**2. What is l(1)?
-9
Suppose -5*f - 20 = 5*t - 4*f, 4*t - f + 25 = 0. Let x(q) = -q**3 - 6*q**2 + 4. What is x(t)?
-21
Let t(x) = -2*x + 2. Let r be t(0). Suppose -r*i + 15 = i. Suppose -3*d = -i*d - 10. Let h(p) = -p**3 - 6*p**2 - 4*p - 1. Calculate h(d).
-6
Let u(z) = 4*z**3 + 3*z**2 - 5*z - 5. Let p(k) = 5*k**3 + 3*k**2 - 5*k - 5. Let l(q) = 3*p(q) - 4*u(q). Calculate l(-4).
1
Let c be (-4)/(-24)*-4 - (-35)/42. Let x(y) be the second derivative of 0 + c*y**3 + 1/2*y**2 + 7*y. Give x(-2).
-1
Let y be 5/(-2)*84/(-105). Let r(s) = 1206*s + 3 - 1199*s + 1 - 3*s**2 + 4*s**y. Give r(-5).
-6
Let l(t) be the first derivative of -2*t**3/3 - 5*t**2/2 - 2*t - 9. Let v(j) = 5*j - 99. Let h be v(19). Calculate l(h).
-14
Let y(i) = 334*i + 8 - i**2 + 334*i - 661*i. Let d(b) = -3*b - 2. Let n be d(-3). Give y(n).
8
Let a(f) be the third derivative of -f**5/60 - f**4/3 + 2*f**3 + 63*f**2 - 3*f. Determine a(-10).
-8
Suppose 35 = t + 4*t. Let a(l) = 83*l - 173*l - 5 + 89*l + 5. Calculate a(t).
-7
Let v = 487 - 494. Let l(h) = -h**3 - 7*h**2 - 4*h - 2. Give l(v).
26
Let g(x) = x - 34 + 70 - 41. Let j(l) = 6*l - 4. Let k be j(2). What is g(k)?
3
Let d be 1/((-4)/((2 + 10)*-1)). Let q(v) be the second derivative of 4*v - 1/6*v**d + 0 + 5*v**2. Calculate q(0).
10
Let w(t) = t**2 - 4*t + 11. Let j = 640 - 635. Give w(j).
16
Let o be 14/(-4)*(-24)/21. Suppose -12 + o = 4*x. Let v be -2*(x - (-7)/2). Let y(m) = -m**3 - 2*m**2 - 2*m - 4. Give y(v).
11
Let k(s) = s**2 + 16*s + 53. Let b = -54 - -42. Calculate k(b).
5
Let z(u) = 7*u**2 - 7*u + 3. Suppose 2*q = 4*w + 24, -2*q - w + 10 = 2*w. Let n(h) = 11*h**2 - 11*h + 4. Let k(i) = q*z(i) - 5*n(i). Calculate k(3).
10
Suppose -v + 4 = -2*a, 2*a + 3*v + 2 = -2. Let h(i) be the first derivative of -i**4/2 - 2*i**3/3 + i**2/2 - i + 4. Determine h(a).
5
Let w = -1 - 3. Let i = 1 - w. Let c(j) = -j**2 + 3*j + 7. What is c(i)?
-3
Let r(q) = q - 5. Suppose -2*x + 52 = -f - 3*f, -4*x + 131 = f. Let u = 40 - x. Determine r(u).
3
Let j(g) = 6*g - g - 4*g**2 - 2 + 3 + 3*g**2. Let q be (-42)/147 + 326/14. Let t = q + -17. Calculate j(t).
-5
Let u(o) be the first derivative of o**3/3 - 4*o**2 + 11*o + 7. Let k be u(7). Let y(m) = m**3 - 2*m + 2*m + 3*m + k*m**2 - m. Determine y(-3).
3
Let b(y) = y**3 + 1 + 2*y + 3*y + 10*y**2 - 14*y. Determine b(-11).
-21
Let i = -14 - -9. Let o(n) be the third derivative of n**7/5040 - n**6/720 + n**5/10 + 6*n**2. Let t(j) be the third derivative of o(j). What is t(i)?
-6
Suppose 3*c + 30 = 3*q, 3*c - 2*c = -5*q - 22. Let o(f) = f**3 + 13*f**2 + 13*f + 14. What is o(c)?
2
Suppose 2*a + c = 31, 0 = -4*a - 3*c + 57 - 0. Suppose a + 2 = 4*g. Let b(l) = -1 - l + 5 + 0 - 1. Calculate b(g).
-2
Suppose -20 = -4*p, 3*l = -2*l - 4*p + 50. Let r(s) = l*s + 5 - s**3 - 1 - 1531*s**2 + 1526*s**2. Let y be (4/(-3))/((-4)/(-18)). Give r(y).
4
Let z(i) = -i**2 - 8*i + 13. Let v be z(-10). Let p = v + 10. Let g(q) = -3*q**2 - q + 2 + q - 3*q - 2*q**3 + p*q**3. Calculate g(3).
-7
Suppose -2*t + 0*t + 83 = -3*z, 0 = -4*t + 4. Let f = 30 + z. Let o(g) = g**3 - g**2 - 3*g - 1. Give o(f).
8
Let x(c) be the second derivative of c**5/20 - c**4/2 - c**3/6 - 3*c**2 - 53*c. Determine x(6).
-12
Let w = -44 - -47. Let l(b) = 7*b**3 - 10*b**w - b**2 + 3*b**2 - 2*b + 6*b**3. Give l(-2).
-12
Let u(i) = -3*i**2 - 18*i - 25. Let a be u(-3). Let g(h) = h**3 - 5*h**2 + 2*h - 1. What is g(a)?
-9
Let k(u) = 4*u**2 - 7*u - u - u**3 + 19*u - 1 - 7*u. Calculate k(5).
-6
Suppose 11 + 14 = 5*c. Let h(f) = -f**2 + 5*f + 1. Calculate h(c).
1
Let y = 31 - 30. Let b(r) = 0*r - 2*r + 8*r - r + y. Give b(-1).
-4
Let d(q) be the first derivative of 0*q**2 + 1/3*q**3 + 8 + 0*q. Let a(f) = f**3 - 7*f**2 + 2*f - 6. Let h(n) = -a(n) - d(n). Calculate h(6).
-6
Let j(q) = -5*q + 1 + 0*q + q + 40*q**2 - q - 44*q**2. What is j(-4)?
-43
Let r be (15/(-6))/(245/196). Let q(k) = 21*k + 4. Calculate q(r).
-38
Let y(s) be the first derivative of -7*s**3/3 - s**2/2 + 1. Suppose g - 5*i = 7, 1 = -2*i - 1. Suppose -g*u + 3 = -5*u. What is y(u)?
-6
Let q(o) = o**2 + 10*o - 3. Let l be q(-10). Let k(x) be the second derivative of -2*x + 0 - 1/4*x**4 - 1/2*x**2 - 1/20*x**5 - 1/2*x**3. Determine k(l).
8
Let o(j) = -1 + 3 - 373*j + 749*j - 373*j. What is o(6)?
20
Let r be 21 - (-4 - (4/4 + -3)). Suppose 14*d = r*d - 36. Let i(g) = -g - 9. Let b(h) = 1. Let v(n) = 18*b(n) + 2*i(n). Determine v(d).
-8
Let f(k) = -7*k**2 + 12*k + 28. Let b(i) = 9*i**2 - 12*i - 26. Let m(q) = -4*b(q) - 5*f(q). Determine m(-7).
-1
Let b(u) = -u**2 + u + 15. Suppose 0 = -12*s + 9*s - 3*s. Calculate b(s).
15
Let u(o) = -o**2 - 13*o + 425 + 409 - 858. Calculate u(-10).
6
Suppose -5*c + 2*v + 13 = 3*v, -2*c + 4*v - 8 = 0. Suppose -2*j - 5*g = 4, -4*j = -c*g - 20 + 4. Let z(w) = -4*w - 1 - 2*w - w**2 - j. Determine z(-3).
5
Let z = -9 - -17. Suppose 0 = -7*j + z*j. Let m(l) = -l**3 + l**2 - l + 1